[INFO] cloning repository https://github.com/L3nn0x/rust-game
[INFO] running `Command { std: "git" "-c" "credential.helper=" "-c" "credential.helper=/workspace/cargo-home/bin/git-credential-null" "clone" "--bare" "https://github.com/L3nn0x/rust-game" "/workspace/cache/git-repos/https%3A%2F%2Fgithub.com%2FL3nn0x%2Frust-game", kill_on_drop: false }`
[INFO] [stderr] Cloning into bare repository '/workspace/cache/git-repos/https%3A%2F%2Fgithub.com%2FL3nn0x%2Frust-game'...
[INFO] running `Command { std: "git" "rev-parse" "HEAD", kill_on_drop: false }`
[INFO] [stdout] 04d6fb9c5ed336598a862c4ee2ab017ce0e31deb
[INFO] checking L3nn0x/rust-game against try#72f88fc4e9458f89516a0b8b0868f3718aec5b47 for pr-74989
[INFO] running `Command { std: "git" "clone" "/workspace/cache/git-repos/https%3A%2F%2Fgithub.com%2FL3nn0x%2Frust-game" "/workspace/builds/worker-0/source", kill_on_drop: false }`
[INFO] [stderr] Cloning into '/workspace/builds/worker-0/source'...
[INFO] [stderr] done.
[INFO] validating manifest of git repo https://github.com/L3nn0x/rust-game on toolchain 72f88fc4e9458f89516a0b8b0868f3718aec5b47
[INFO] running `Command { std: "/workspace/cargo-home/bin/cargo" "+72f88fc4e9458f89516a0b8b0868f3718aec5b47" "read-manifest" "--manifest-path" "Cargo.toml", kill_on_drop: false }`
[INFO] started tweaking git repo https://github.com/L3nn0x/rust-game
[INFO] finished tweaking git repo https://github.com/L3nn0x/rust-game
[INFO] tweaked toml for git repo https://github.com/L3nn0x/rust-game written to /workspace/builds/worker-0/source/Cargo.toml
[INFO] crate git repo https://github.com/L3nn0x/rust-game already has a lockfile, it will not be regenerated
[INFO] running `Command { std: "/workspace/cargo-home/bin/cargo" "+72f88fc4e9458f89516a0b8b0868f3718aec5b47" "fetch" "--locked" "--manifest-path" "Cargo.toml", kill_on_drop: false }`
[INFO] [stderr]  Downloading crates ...
[INFO] [stderr]   Downloaded redox_syscall v0.1.33
[INFO] [stderr]   Downloaded shred v0.5.1
[INFO] running `Command { std: "docker" "create" "-v" "/var/lib/crater-agent-workspace/builds/worker-0/target:/opt/rustwide/target:rw,Z" "-v" "/var/lib/crater-agent-workspace/builds/worker-0/source:/opt/rustwide/workdir:ro,Z" "-v" "/var/lib/crater-agent-workspace/cargo-home:/opt/rustwide/cargo-home:ro,Z" "-v" "/var/lib/crater-agent-workspace/rustup-home:/opt/rustwide/rustup-home:ro,Z" "-e" "SOURCE_DIR=/opt/rustwide/workdir" "-e" "CARGO_TARGET_DIR=/opt/rustwide/target" "-e" "CARGO_HOME=/opt/rustwide/cargo-home" "-e" "RUSTUP_HOME=/opt/rustwide/rustup-home" "-w" "/opt/rustwide/workdir" "-m" "1610612736" "--user" "0:0" "--network" "none" "rustops/crates-build-env@sha256:d92eaeed33fa75130ca1ee6c8a01d1ffb62bac859dfdfb3450e3e5d1c0146529" "/opt/rustwide/cargo-home/bin/cargo" "+72f88fc4e9458f89516a0b8b0868f3718aec5b47" "metadata" "--no-deps" "--format-version=1", kill_on_drop: false }`
[INFO] [stderr] WARNING: Your kernel does not support swap limit capabilities or the cgroup is not mounted. Memory limited without swap.
[INFO] [stdout] 535b29a05dc73bec42e1591dd4cec897b23594ae9ba3d7d0c2be619a408264b9
[INFO] running `Command { std: "docker" "start" "-a" "535b29a05dc73bec42e1591dd4cec897b23594ae9ba3d7d0c2be619a408264b9", kill_on_drop: false }`
[INFO] running `Command { std: "docker" "inspect" "535b29a05dc73bec42e1591dd4cec897b23594ae9ba3d7d0c2be619a408264b9", kill_on_drop: false }`
[INFO] running `Command { std: "docker" "rm" "-f" "535b29a05dc73bec42e1591dd4cec897b23594ae9ba3d7d0c2be619a408264b9", kill_on_drop: false }`
[INFO] [stdout] 535b29a05dc73bec42e1591dd4cec897b23594ae9ba3d7d0c2be619a408264b9
[INFO] running `Command { std: "docker" "create" "-v" "/var/lib/crater-agent-workspace/builds/worker-0/target:/opt/rustwide/target:rw,Z" "-v" "/var/lib/crater-agent-workspace/builds/worker-0/source:/opt/rustwide/workdir:ro,Z" "-v" "/var/lib/crater-agent-workspace/cargo-home:/opt/rustwide/cargo-home:ro,Z" "-v" "/var/lib/crater-agent-workspace/rustup-home:/opt/rustwide/rustup-home:ro,Z" "-e" "SOURCE_DIR=/opt/rustwide/workdir" "-e" "CARGO_TARGET_DIR=/opt/rustwide/target" "-e" "CARGO_INCREMENTAL=0" "-e" "RUST_BACKTRACE=full" "-e" "RUSTFLAGS=--cap-lints=forbid" "-e" "CARGO_HOME=/opt/rustwide/cargo-home" "-e" "RUSTUP_HOME=/opt/rustwide/rustup-home" "-w" "/opt/rustwide/workdir" "-m" "1610612736" "--user" "0:0" "--network" "none" "rustops/crates-build-env@sha256:d92eaeed33fa75130ca1ee6c8a01d1ffb62bac859dfdfb3450e3e5d1c0146529" "/opt/rustwide/cargo-home/bin/cargo" "+72f88fc4e9458f89516a0b8b0868f3718aec5b47" "check" "--frozen" "--all" "--all-targets" "--message-format=json", kill_on_drop: false }`
[INFO] [stderr] WARNING: Your kernel does not support swap limit capabilities or the cgroup is not mounted. Memory limited without swap.
[INFO] [stdout] 4760d255da981db71dfd53f5d43946fff8de0258f0bef42a1def674bb801831d
[INFO] running `Command { std: "docker" "start" "-a" "4760d255da981db71dfd53f5d43946fff8de0258f0bef42a1def674bb801831d", kill_on_drop: false }`
[INFO] [stderr]     Checking libc v0.2.34
[INFO] [stderr]    Compiling unicode-xid v0.0.4
[INFO] [stderr]    Compiling quote v0.3.15
[INFO] [stderr]     Checking lazy_static v0.2.11
[INFO] [stderr]     Checking either v1.4.0
[INFO] [stderr]     Checking scopeguard v0.3.3
[INFO] [stderr]    Compiling rayon-core v1.3.0
[INFO] [stderr]     Checking num-traits v0.1.41
[INFO] [stderr]     Checking atom v0.3.4
[INFO] [stderr]    Compiling cfg-if v0.1.2
[INFO] [stderr]     Checking odds v0.2.26
[INFO] [stderr]     Checking nodrop v0.1.12
[INFO] [stderr]     Checking smallvec v0.4.4
[INFO] [stderr]     Checking mopa v0.2.2
[INFO] [stderr]     Checking fnv v1.0.6
[INFO] [stderr]     Checking tuple_utils v0.2.0
[INFO] [stderr]     Checking approx v0.1.1
[INFO] [stderr]     Checking crossbeam v0.3.0
[INFO] [stderr]    Compiling game v0.1.0 (/opt/rustwide/workdir)
[INFO] [stderr]     Checking bitflags v0.7.0
[INFO] [stderr]    Compiling sdl2-sys v0.31.0
[INFO] [stderr]    Compiling synom v0.11.3
[INFO] [stderr]     Checking coco v0.1.1
[INFO] [stderr]    Compiling itertools v0.5.10
[INFO] [stderr]    Compiling syn v0.11.11
[INFO] [stderr]    Compiling syn v0.10.8
[INFO] [stderr]     Checking arrayvec v0.3.24
[INFO] [stderr]     Checking rand v0.3.18
[INFO] [stderr]     Checking num_cpus v1.8.0
[INFO] [stderr]     Checking time v0.1.38
[INFO] [stderr]     Checking num-integer v0.1.35
[INFO] [stderr]     Checking num-iter v0.1.34
[INFO] [stderr]     Checking num v0.1.41
[INFO] [stderr]     Checking pulse v0.5.3
[INFO] [stderr]     Checking cgmath v0.15.0
[INFO] [stderr]     Checking sdl2 v0.31.0
[INFO] [stderr]     Checking rayon v0.8.2
[INFO] [stderr]    Compiling shred-derive v0.3.0
[INFO] [stderr]     Checking hibitset v0.3.2
[INFO] [stderr]     Checking shred v0.5.1
[INFO] [stderr]    Compiling derivative v1.0.0
[INFO] [stderr]     Checking specs v0.10.0
[INFO] [stdout] error[E0412]: cannot find type `VecDeque` in this scope
[INFO] [stdout]   --> src/game/mod.rs:16:15
[INFO] [stdout]    |
[INFO] [stdout] 16 |     commands: VecDeque<ecs::Commands::Command>,
[INFO] [stdout]    |               ^^^^^^^^ not found in this scope
[INFO] [stdout]    |
[INFO] [stdout] help: consider importing this struct
[INFO] [stdout]    |
[INFO] [stdout] 6  | use std::collections::VecDeque;
[INFO] [stdout]    |
[INFO] [stdout] 
[INFO] [stdout] 
[INFO] [stdout] error[E0433]: failed to resolve: use of undeclared type or module `VecDeque`
[INFO] [stdout]   --> src/game/mod.rs:46:23
[INFO] [stdout]    |
[INFO] [stdout] 46 |             commands: VecDeque::new(),
[INFO] [stdout]    |                       ^^^^^^^^ not found in this scope
[INFO] [stdout]    |
[INFO] [stdout] help: consider importing this struct
[INFO] [stdout]    |
[INFO] [stdout] 6  | use std::collections::VecDeque;
[INFO] [stdout]    |
[INFO] [stdout] 
[INFO] [stdout] 
[INFO] [stdout] error[E0412]: cannot find type `VecDeque` in this scope
[INFO] [stdout]   --> src/game/mod.rs:16:15
[INFO] [stdout]    |
[INFO] [stdout] 16 |     commands: VecDeque<ecs::Commands::Command>,
[INFO] [stdout]    |               ^^^^^^^^ not found in this scope
[INFO] [stdout]    |
[INFO] [stdout] help: consider importing this struct
[INFO] [stdout]    |
[INFO] [stdout] 6  | use std::collections::VecDeque;
[INFO] [stdout]    |
[INFO] [stdout] 
[INFO] [stdout] 
[INFO] [stdout] error[E0433]: failed to resolve: use of undeclared type or module `VecDeque`
[INFO] [stdout]   --> src/game/mod.rs:46:23
[INFO] [stdout]    |
[INFO] [stdout] 46 |             commands: VecDeque::new(),
[INFO] [stdout]    |                       ^^^^^^^^ not found in this scope
[INFO] [stdout]    |
[INFO] [stdout] help: consider importing this struct
[INFO] [stdout]    |
[INFO] [stdout] 6  | use std::collections::VecDeque;
[INFO] [stdout]    |
[INFO] [stdout] 
[INFO] [stdout] 
[INFO] [stdout] error: aborting due to 2 previous errors
[INFO] [stdout] 
[INFO] [stdout] 
[INFO] [stdout] Some errors have detailed explanations: E0412, E0433.
[INFO] [stdout] 
[INFO] [stdout] For more information about an error, try `rustc --explain E0412`.
[INFO] [stdout] 
[INFO] [stderr] error: could not compile `game`.
[INFO] [stderr] 
[INFO] [stderr] To learn more, run the command again with --verbose.
[INFO] [stderr] warning: build failed, waiting for other jobs to finish...
[INFO] [stdout] error: aborting due to 2 previous errors
[INFO] [stdout] 
[INFO] [stdout] 
[INFO] [stdout] Some errors have detailed explanations: E0412, E0433.
[INFO] [stdout] 
[INFO] [stdout] For more information about an error, try `rustc --explain E0412`.
[INFO] [stdout] 
[INFO] [stderr] error: build failed
[INFO] running `Command { std: "docker" "inspect" "4760d255da981db71dfd53f5d43946fff8de0258f0bef42a1def674bb801831d", kill_on_drop: false }`
[INFO] running `Command { std: "docker" "rm" "-f" "4760d255da981db71dfd53f5d43946fff8de0258f0bef42a1def674bb801831d", kill_on_drop: false }`
[INFO] [stdout] 4760d255da981db71dfd53f5d43946fff8de0258f0bef42a1def674bb801831d
